{"id":307,"date":"2024-10-01T15:25:27","date_gmt":"2024-10-01T13:25:27","guid":{"rendered":"https:\/\/fernanmakaroff.ar\/?page_id=307"},"modified":"2026-03-18T15:23:19","modified_gmt":"2026-03-18T18:23:19","slug":"ashram-virtual","status":"publish","type":"page","link":"https:\/\/fernanmakaroff.ar\/index.php\/ashram-virtual\/","title":{"rendered":"Ashram Virtual"},"content":{"rendered":"\t\t<div class=\"woocommerce\">\n\t\t\t<div class=\"woocommerce-info wc-memberships-restriction-message wc-memberships-message wc-memberships-content-restricted-message\">\n\t\t\t\t\t\t<div data-elementor-type=\"section\" data-elementor-id=\"399\" class=\"elementor elementor-399\" data-elementor-post-type=\"elementor_library\">\n\t\t\t\t\t<section class=\"elementor-section elementor-top-section elementor-element elementor-element-fef53ca elementor-section-content-middle elementor-section-full_width elementor-section-height-default elementor-section-height-default\" data-id=\"fef53ca\" data-element_type=\"section\" data-e-type=\"section\" data-settings=\"{&quot;background_background&quot;:&quot;classic&quot;}\">\n\t\t\t\t\t\t\t<div class=\"elementor-background-overlay\"><\/div>\n\t\t\t\t\t\t\t<div class=\"elementor-container elementor-column-gap-default\">\n\t\t\t\t\t<div class=\"elementor-column elementor-col-100 elementor-top-column elementor-element elementor-element-1594a35\" data-id=\"1594a35\" data-element_type=\"column\" data-e-type=\"column\">\n\t\t\t<div class=\"elementor-widget-wrap elementor-element-populated\">\n\t\t\t\t\t\t<div class=\"elementor-element elementor-element-adaa908 elementor-widget elementor-widget-image\" data-id=\"adaa908\" data-element_type=\"widget\" data-e-type=\"widget\" data-widget_type=\"image.default\">\n\t\t\t\t<div class=\"elementor-widget-container\">\n\t\t\t\t\t\t\t\t\t\t\t\t\t\t\t<img width=\"64\" height=\"47\" src=\"https:\/\/fernanmakaroff.ar\/wp-content\/uploads\/2024\/07\/vector-block-orangre.png\" class=\"attachment-large size-large wp-image-138\" alt=\"\" \/>\t\t\t\t\t\t\t\t\t\t\t\t\t\t\t<\/div>\n\t\t\t\t<\/div>\n\t\t\t\t<div class=\"elementor-element elementor-element-71a6c99 elementor-widget elementor-widget-heading\" data-id=\"71a6c99\" data-element_type=\"widget\" data-e-type=\"widget\" data-widget_type=\"heading.default\">\n\t\t\t\t<div class=\"elementor-widget-container\">\n\t\t\t\t\t<h2 class=\"elementor-heading-title elementor-size-default\">Contenido restringido. <br>Esta p\u00e1gina s\u00f3lo est\u00e1 disponible para miembros.<\/h2>\t\t\t\t<\/div>\n\t\t\t\t<\/div>\n\t\t\t\t<div class=\"elementor-element elementor-element-e3e4eb4 elementor-widget-divider--view-line elementor-widget elementor-widget-divider\" data-id=\"e3e4eb4\" data-element_type=\"widget\" data-e-type=\"widget\" data-widget_type=\"divider.default\">\n\t\t\t\t<div class=\"elementor-widget-container\">\n\t\t\t\t\t\t\t<div class=\"elementor-divider\">\n\t\t\t<span class=\"elementor-divider-separator\">\n\t\t\t\t\t\t<\/span>\n\t\t<\/div>\n\t\t\t\t\t\t<\/div>\n\t\t\t\t<\/div>\n\t\t\t\t<div class=\"elementor-element elementor-element-c217613 elementor-widget elementor-widget-text-editor\" data-id=\"c217613\" data-element_type=\"widget\" data-e-type=\"widget\" data-widget_type=\"text-editor.default\">\n\t\t\t\t<div class=\"elementor-widget-container\">\n\t\t\t\t\t\t\t\t\t<p>Si ya eres miembro has click <span style=\"text-decoration: underline\"><strong><span style=\"color: #ff6600\"><a style=\"color: #ff6600;text-decoration: underline\" href=\"https:\/\/fernanmakaroff.ar\/index.php\/my-account\/\">AQUI<\/a><\/span><\/strong><\/span><\/p>\t\t\t\t\t\t\t\t<\/div>\n\t\t\t\t<\/div>\n\t\t\t\t<div class=\"elementor-element elementor-element-e8c1448 elementor-widget-divider--view-line elementor-widget elementor-widget-divider\" data-id=\"e8c1448\" data-element_type=\"widget\" data-e-type=\"widget\" data-widget_type=\"divider.default\">\n\t\t\t\t<div class=\"elementor-widget-container\">\n\t\t\t\t\t\t\t<div class=\"elementor-divider\">\n\t\t\t<span class=\"elementor-divider-separator\">\n\t\t\t\t\t\t<\/span>\n\t\t<\/div>\n\t\t\t\t\t\t<\/div>\n\t\t\t\t<\/div>\n\t\t\t\t<div class=\"elementor-element elementor-element-712dffe elementor-widget elementor-widget-text-editor\" data-id=\"712dffe\" data-element_type=\"widget\" data-e-type=\"widget\" data-widget_type=\"text-editor.default\">\n\t\t\t\t<div class=\"elementor-widget-container\">\n\t\t\t\t\t\t\t\t\t<p>Si deseas presenciar nuestras secciones exclusivas, suscr\u00edbete <span style=\"text-decoration: underline\"><strong><span style=\"color: #ff6600\"><a style=\"color: #ff6600;text-decoration: underline\" href=\"https:\/\/fernanmakaroff.ar\/index.php\/product\/ashram-virtual\/\">AQUI<\/a><\/span><\/strong><\/span><\/p>\t\t\t\t\t\t\t\t<\/div>\n\t\t\t\t<\/div>\n\t\t\t\t\t<\/div>\n\t\t<\/div>\n\t\t\t\t\t<\/div>\n\t\t<\/section>\n\t\t\t\t<\/div>\n\t\t\t\t    <\/div>\n\t\t<\/div>\n\t\t","protected":false},"excerpt":{"rendered":"\n<div class=\"woocommerce\">\n<div class=\"woocommerce-info wc-memberships-restriction-message wc-memberships-message wc-memberships-content-restricted-message\">\n<div data-elementor-type=\"section\" data-elementor-id=\"399\" class=\"elementor elementor-399\" data-elementor-post-type=\"elementor_library\">\n<section class=\"elementor-section elementor-top-section elementor-element elementor-element-fef53ca elementor-section-content-middle elementor-section-full_width elementor-section-height-default elementor-section-height-default\" data-id=\"fef53ca\" data-element_type=\"section\" data-e-type=\"section\" data-settings=\"{&quot;background_background&quot;:&quot;classic&quot;}\">\n<div class=\"elementor-background-overlay\"><\/div>\n<div class=\"elementor-container elementor-column-gap-default\">\n<div class=\"elementor-column elementor-col-100 elementor-top-column elementor-element elementor-element-1594a35\" data-id=\"1594a35\" data-element_type=\"column\" data-e-type=\"column\">\n<div class=\"elementor-widget-wrap elementor-element-populated\">\n<div class=\"elementor-element elementor-element-adaa908 elementor-widget elementor-widget-image\" data-id=\"adaa908\" data-element_type=\"widget\" data-e-type=\"widget\" data-widget_type=\"image.default\">\n<div class=\"elementor-widget-container\">\n\t\t\t\t\t\t\t\t\t\t\t\t\t\t\t<img decoding=\"async\" width=\"64\" height=\"47\" src=\"https:\/\/fernanmakaroff.ar\/wp-content\/uploads\/2024\/07\/vector-block-orangre.png\" class=\"attachment-large size-large wp-image-138\" alt=\"\" \/>\t\t\t\t\t\t\t\t\t\t\t\t\t\t\t<\/div>\n<\/p><\/div>\n<div class=\"elementor-element elementor-element-71a6c99 elementor-widget elementor-widget-heading\" data-id=\"71a6c99\" data-element_type=\"widget\" data-e-type=\"widget\" data-widget_type=\"heading.default\">\n<div class=\"elementor-widget-container\">\n<h2 class=\"elementor-heading-title elementor-size-default\">Contenido restringido. <br \/>Esta p\u00e1gina s\u00f3lo est\u00e1 disponible para miembros.<\/h2>\n<\/p><\/div>\n<\/p><\/div>\n<div class=\"elementor-element elementor-element-e3e4eb4 elementor-widget-divider--view-line elementor-widget elementor-widget-divider\" data-id=\"e3e4eb4\" data-element_type=\"widget\" data-e-type=\"widget\" data-widget_type=\"divider.default\">\n<div class=\"elementor-widget-container\">\n<div class=\"elementor-divider\">\n\t\t\t<span class=\"elementor-divider-separator\"><br \/>\n\t\t\t\t\t\t<\/span>\n\t\t<\/div>\n<\/p><\/div>\n<\/p><\/div>\n<div class=\"elementor-element elementor-element-c217613 elementor-widget elementor-widget-text-editor\" data-id=\"c217613\" data-element_type=\"widget\" data-e-type=\"widget\" data-widget_type=\"text-editor.default\">\n<div class=\"elementor-widget-container\">\n<p>Si ya eres miembro has click <span style=\"text-decoration: underline\"><strong><span style=\"color: #ff6600\"><a style=\"color: #ff6600;text-decoration: underline\" href=\"https:\/\/fernanmakaroff.ar\/index.php\/my-account\/\">AQUI<\/a><\/span><\/strong><\/span><\/p>\n<\/p><\/div>\n<\/p><\/div>\n<div class=\"elementor-element elementor-element-e8c1448 elementor-widget-divider--view-line elementor-widget elementor-widget-divider\" data-id=\"e8c1448\" data-element_type=\"widget\" data-e-type=\"widget\" data-widget_type=\"divider.default\">\n<div class=\"elementor-widget-container\">\n<div class=\"elementor-divider\">\n\t\t\t<span class=\"elementor-divider-separator\"><br \/>\n\t\t\t\t\t\t<\/span>\n\t\t<\/div>\n<\/p><\/div>\n<\/p><\/div>\n<div class=\"elementor-element elementor-element-712dffe elementor-widget elementor-widget-text-editor\" data-id=\"712dffe\" data-element_type=\"widget\" data-e-type=\"widget\" data-widget_type=\"text-editor.default\">\n<div class=\"elementor-widget-container\">\n<p>Si deseas presenciar nuestras secciones exclusivas, suscr\u00edbete <span style=\"text-decoration: underline\"><strong><span style=\"color: #ff6600\"><a style=\"color: #ff6600;text-decoration: underline\" href=\"https:\/\/fernanmakaroff.ar\/index.php\/product\/ashram-virtual\/\">AQUI<\/a><\/span><\/strong><\/span><\/p>\n<\/p><\/div>\n<\/p><\/div>\n<\/p><\/div>\n<\/p><\/div>\n<\/p><\/div>\n<\/section><\/div>\n<\/p><\/div>\n<\/p><\/div>\n","protected":false},"author":1,"featured_media":0,"parent":0,"menu_order":0,"comment_status":"closed","ping_status":"closed","template":"elementor_header_footer","meta":{"footnotes":""},"class_list":["post-307","page","type-page","status-publish","hentry","membership-content","access-restricted"],"blocksy_meta":[],"_links":{"self":[{"href":"https:\/\/fernanmakaroff.ar\/index.php\/wp-json\/wp\/v2\/pages\/307","targetHints":{"allow":["GET"]}}],"collection":[{"href":"https:\/\/fernanmakaroff.ar\/index.php\/wp-json\/wp\/v2\/pages"}],"about":[{"href":"https:\/\/fernanmakaroff.ar\/index.php\/wp-json\/wp\/v2\/types\/page"}],"author":[{"embeddable":true,"href":"https:\/\/fernanmakaroff.ar\/index.php\/wp-json\/wp\/v2\/users\/1"}],"replies":[{"embeddable":true,"href":"https:\/\/fernanmakaroff.ar\/index.php\/wp-json\/wp\/v2\/comments?post=307"}],"version-history":[{"count":118,"href":"https:\/\/fernanmakaroff.ar\/index.php\/wp-json\/wp\/v2\/pages\/307\/revisions"}],"predecessor-version":[{"id":1488,"href":"https:\/\/fernanmakaroff.ar\/index.php\/wp-json\/wp\/v2\/pages\/307\/revisions\/1488"}],"wp:attachment":[{"href":"https:\/\/fernanmakaroff.ar\/index.php\/wp-json\/wp\/v2\/media?parent=307"}],"curies":[{"name":"wp","href":"https:\/\/api.w.org\/{rel}","templated":true}]}}